, 23
Let l = 21312 - 14835. What are the prime factors of l?
3, 17, 127
Suppose f = -2*h + 3747, 3*h - 2677 = -2*f + 4817. What are the prime factors of f?
3, 1249
Suppose -155*d + 319*d - 153*d = 14432. List the prime factors of d.
2, 41
Suppose 5*k = -j + 293998, 58806 = k + 5*j - 4*j. List the prime factors of k.
2, 29399
Suppose -12*d + 2340 = 6696. Let h = d - -585. What are the prime factors of h?
2, 3, 37
Let d = 0 + 18. Suppose -22*x + d*x - 8 = 0. What are the prime factors of -4*71*x/8?
71
Suppose -1149 = 5*z - 4*g, 7*z - 5*g + 1145 = 2*z. Let f = -81 - z. What are the prime factors of f?
2, 19
Suppose 3*h + 2 = -2*p, -5*h + 2*h = -12. Let t(s) = 2*s**2 + 2*s. What are the prime factors of t(p)?
2, 3, 7
Suppose 16*b - 18*b + 152 = 0. Suppose 2*a = b + 30. What are the prime factors of a?
53
Let c(j) = -1939*j + 10993. List the prime factors of c(-22).
13, 4127
Let t(k) = 42*k + 27. Let u be t(-23). Let j = 1582 + u. List the prime factors of j.
643
Let c be -10*3*(-26)/12*2. Suppose 9*r + c = 10*r. Suppose 3*u - 5*l - 105 = r, -2*u + 5*l + 150 = 0. List the prime factors of u.
5, 17
List the prime factors of 16/5*((-25613)/(-28) + -6).
2, 727
List the prime factors of (23211/(-15) + -7 + 3)*(0 - 5).
7757
Let w(r) = -95*r + 1557. What are the prime factors of w(-20)?
3457
Suppose -3*u - 70*v + 82605 = -67*v, 4*v - 55072 = -2*u. List the prime factors of u.
2, 3, 13, 353
Suppose 3*h = -2*t + 32, -3*h - 4*t + 204 = 164. Suppose -2*n + 5*n + 2*d + 37 = 0, -30 = 5*n - 3*d. List the prime factors of h/(-12)*(-1 - -37)*n.
2, 3
Let y(m) be the first derivative of -m**2/2 + 8*m + 21. Let v(o) = -o. Let w(c) = -2*v(c) + y(c). What are the prime factors of w(-3)?
5
Let z(j) = 120*j - 4. Let p be z(3). What are the prime factors of 4 - (-7 + 5)/(2/p)?
2, 3, 5
Suppose 5*s = -3*t + 30, -s - 6 = -2*s + 4*t. Let r(u) = u**3 + 3*u**2 - 17*u + 12. What are the prime factors of r(s)?
2, 3, 13
Suppose -12897 = -2*r - 7*r. Suppose 0 = -3*g + 4*p + r, -4*g - 5*p + 1099 + 853 = 0. List the prime factors of g.
3, 7, 23
Let r(y) = -317*y + 602. List the prime factors of r(-33).
13, 23, 37
Let p(r) = -6 - 41*r + 58*r + 45*r. List the prime factors of p(12).
2, 3, 41
What are the prime factors of (-17 - -8)*(-2458 + 2)?
2, 3, 307
Let f(x) = 31*x**3 - 75*x**2 - 15*x + 25. What are the prime factors of f(8)?
3, 3659
Let f(m) = 62*m + 242. Let a(n) = n + 2. Let y(u) = 4*a(u) + f(u). List the prime factors of y(8).
2, 389
Suppose -42 + 57 = 3*o. Suppose -o*w - 3*l + 1466 = 0, -w - 118 = 2*l - 414. List the prime factors of w.
2, 73
Let m = -64 - -84. Let p be 4/m + 1377/15. What are the prime factors of 2*p - (11 - 7)?
2, 3, 5
Suppose 3*p - 300 = -j + 2*j, -j + 5*p = 296. Let f = -173 - j. List the prime factors of f.
7, 19
What are the prime factors of ((-60706)/3)/(((-726)/99)/11)?
127, 239
What are the prime factors of (8/10)/(-2) + ((-12647)/(-5) - 11)?
2, 1259
Let y = -493 + 501. List the prime factors of (212/y)/((-3)/(-54)).
3, 53
Suppose 4*t + r - 63728 = 13604, -3*t + 2*r + 57988 = 0. What are the prime factors of t?
2, 3, 179
Suppose 571 = -37*a + 40*a + 2*n, -577 = -3*a + 4*n. Let s = a - 105. What are the prime factors of s?
2, 43
Let y = 14647 + -7490. List the prime factors of y.
17, 421
Let x = 2850 - -4681. List the prime factors of x.
17, 443
Let p(o) = -o**3 + 10*o**2 + 13*o - 16. Let z be p(11). Suppose -422 = -z*h + 1876. List the prime factors of h.
383
Let h = 41380 - 13614. What are the prime factors of h?
2, 13883
Let q(v) = -87*v**3 - 107*v**3 + v + 196*v**3 + 7 + 9*v**2. What are the prime factors of q(8)?
5, 17, 19
Let n(p) = p**3 - 13*p**2 + 1. Let y be n(13). Suppose -2*t + 83 = b, -2*b + y = -3*b. Suppose 9 = o - t. What are the prime factors of o?
3, 17
Let x be ((-116)/6)/(24/36). Let m = -27 - x. Suppose -23 = -m*c + 21. What are the prime factors of c?
2, 11
Let o(p) = -2079*p + 817. What are the prime factors of o(-5)?
2, 2803
Let m(h) = 7*h**3 + 68. Let z(q) = 4*q - 4*q + 3*q**3 + 31 + 3. Let k(j) = -2*m(j) + 5*z(j). List the prime factors of k(0).
2, 17
Let p = 2658 - 1652. Let t = p + -553. List the prime factors of 2/(24/t) - 2/(-8).
2, 19
Suppose 4*h = m - 39483, -h - 105414 = -2*m - 26448. List the prime factors of m.
3, 41, 107
Let k be 3 - 15/(4 - -1). Suppose -2*d + 8 = -k. Suppose 3*a = 0, -d*a + 9*a = 4*v - 92. What are the prime factors of v?
23
Let b be (-52)/(-234) - 169/(-9). Suppose b*l = -33 + 185. What are the prime factors of l?
2
Let j(i) = 60*i**2 + 160*i + 105. List the prime factors of j(14).
5, 7, 13, 31
Let z(s) = 8*s - 24. Let k be z(6). Let l(i) = 3*i + 1 - 58*i**3 - 2*i**2 + 32*i**3 + k*i**3. What are the prime factors of l(-3)?
2, 7
Let x(u) = -2*u**2 + 11*u - 2. Let n be x(5). Let y(t) = -3*t**3 - 5*t**2 + 6. Let v be y(n). Let p = 171 + v. What are the prime factors of p?
3, 17
Let y(c) = c**3 + 5*c**2 + 7*c + 56. Let k be y(-5). Suppose -2*q = o - 10, 3*o + 4 + 15 = q. Suppose -k = -q*l + 14. List the prime factors of l.
5
List the prime factors of (4/3)/(64/2557200) - 12.
7, 1087
Let z(q) = -124*q + 85 - 211 + 106. Let r be z(-7). Suppose 5*i - 854 = 3*s - s, -s = 5*i - r. List the prime factors of i.
2, 5, 17
Let o be 2 - (0/(-2) - 18/9). Suppose -2*z = -0*z, o*v - 1932 = -4*z. List the prime factors of v.
3, 7, 23
Suppose 0 = -r - 5, -29*i - 28375 = -30*i + 6*r. List the prime factors of i.
5, 5669
Let q = -59751 - -96643. What are the prime factors of q?
2, 23, 401
Suppose m + 2*b = 5, -3*m + 8*m - 4*b = 11. Suppose m*a = 4*l - 16, -18 = 4*a - 3*l + l. List the prime factors of (-2)/a - (-159)/6.
3
Let x = 123 - 127. What are the prime factors of ((-66)/x)/(6/68)?
11, 17
Let j be (-1)/2 - 1275/(-6). Suppose 2*b = -3*k + 31, -5*b = 19*k - 16*k - 46. Suppose -k*r + 625 = j. List the prime factors of r.
59
Let k = -36 + 38. Let l(d) = -9*d + 19*d + k*d**2 + 6 + d**2. What are the prime factors of l(-5)?
31
List the prime factors of (-390)/4*4956/(-105).
2, 3, 13, 59
Let n be -3*(8/6)/4. Let y be n/(-4 + 3) + 8/2. Suppose 0 = -y*v + 73 + 42. List the prime factors of v.
23
Suppose 2*c = -293 + 19. Suppose -3*g + 93 = -5*p + 371, -2*g - 192 = -5*p. Let k = g - c. List the prime factors of k.
3, 17
Let z be (-5)/(-2) - 6/4. List the prime factors of 8802/36 + z/(-2).
2, 61
Let s be 5 + (2 + -4 - 1). Suppose -2*p + 5*i - s*i = -18, -10 = -2*p + i. What are the prime factors of 1353/9 - p/(9/1)?
2, 3, 5
List the prime factors of ((-96690)/40)/(-6 - 270/(-48)).
2, 11, 293
Let l(v) = -5974*v**3 + 16*v**2 + 18*v + 2. What are the prime factors of l(-1)?
2, 29, 103
Let x be (1180/30)/((-1)/(-6)). Let n = x + -88. Suppose -n = -3*o + 2. List the prime factors of o.
2, 5
Suppose -5*g = f - 198159, -6*f - 106789 = -4*g + 51745. What are the prime factors of g?
2, 2477
Let s(h) = 22*h + 143 - 129 + 100 + 32. List the prime factors of s(30).
2, 13, 31
Suppose 240 - 80 = 10*m. List the prime factors of 6/4*(18 + m).
3, 17
Let z = -25625 + 34525. List the prime factors of z.
2, 5, 89
Let i(k) = 212*k**2 - 339*k - 199. List the prime factors of i(16).
48649
Let p = 141 - 106. What are the prime factors of (-4112)/(-10) - 7/p?
3, 137
Let w be 27*(2/(-6))/1. Let v be (-4)/18 - 2/w. Let u(o) = o**2 + o + 21. What are the prime factors of u(v)?
3, 7
Let a(l) = -404*l + 89. Let j be a(-11). Let f = j - 2860. List the prime factors of f.
7, 239
Let f(j) = 2*j**2 + 14*j + 65. Suppose 0 = 2*o + w + 29, 10*o + 4*w + 32 = 8*o. What are the prime factors of f(o)?
3, 29
List the prime factors of 6*(-253)/138 - -31689.
2, 47, 337
Let d be (126/(-30))/(-7)*5. Suppose 3*y + d*q - 213 = 0, -3*y - 16 = 4*q - 225. What are the prime factors of y?
3, 5
Let f(x) be the second derivative of x**5/20 + 17*x**4/12 - 14*x**3/3 - 11*x**2/2 - 34*x. Let i be f(-17). Let t = i + -306. What are the prime factors of t?
3, 53
List the prime factors of 23267230/976 - 9/24.
31, 769
Let x = -224 + 229. Suppose -x*h = 10*h - 1515. What are the prime factors of h?
101
Let y(l) = -67*l + 5118. What are the prime factors of y(28)?
2, 1621
Suppose 4*y = 3*y - 0*y. Suppose y = -14*b + 3*b + 4950. What are the prime factors of b?
2, 3, 5
Let k = -25963 - -56757. What are the prime factors of k?
2, 89, 173
Suppose 4*s - 3*s = 4*c - 39, c = -5*s + 36. 